he prime factors of k?
13
Suppose -4*l = 3*a - 1306, -3*l - 1299 = -5*a + 2*a. List the prime factors of a.
2, 7, 31
Let n(l) = -6*l - 7. Let i be n(-3). Suppose i*z = 7*z + 52. List the prime factors of z.
13
Suppose -3*v - 9 = 0, -10 = 3*l - 4*l + 2*v. Suppose 5*y - 1507 = l*s, -9*y = -4*y - 2*s - 1501. What are the prime factors of y?
13, 23
Let t = -621 - -1185. List the prime factors of t.
2, 3, 47
Let x be 6*(2/(-6) + -1). Let o = x + 22. Let d = 11 + o. List the prime factors of d.
5
Suppose -4*y = y - 95. Suppose -2*c - y - 3 = 0. Let j = c - -27. What are the prime factors of j?
2
Suppose 3*r + 2*w = 526, 4*r - 667 = -5*w + 46. Let h = r + -68. List the prime factors of h.
2, 13
Let z be 4 + -1*(3 + -1). Suppose 0 = b + 3*o - 126, -o = -4*b - z*o + 493. Suppose -b = -5*v + 37. What are the prime factors of v?
2
Let p(l) = 59*l**2 - 4*l - 10. List the prime factors of p(-3).
13, 41
Let y = 1319 + 83. What are the prime factors of y?
2, 701
Let y(w) be the second derivative of -w**5/20 + 7*w**4/12 - 2*w**3/3 - 3*w**2 + 8*w. Suppose 3*o + 2*o + 5 = 0, 2*x + 3*o = 7. List the prime factors of y(x).
2, 3
Let n(t) = -11*t**3 - t**2 - 2*t + 2. Let q be n(1). What are the prime factors of (q/(-9))/(1/33)?
2, 11
Let u(y) = -4*y**2 + 5*y - 4. Let x(h) = h**2 + 1. Let q(g) = -u(g) - 3*x(g). Let c(s) = -5*s - 36. Let k be c(-9). List the prime factors of q(k).
37
Suppose 13*a - 2406 = 7*a. List the prime factors of a.
401
Suppose -41*b = -45*b - 5*w + 20391, -5*b + 3*w = -25461. What are the prime factors of b?
2, 3, 283
Let p(m) = -7*m**2 - 50*m + 4. Let t be p(-7). Suppose t*c + 444 = 15*c. What are the prime factors of c?
3, 37
What are the prime factors of 187*9 + (-36)/(54/(-6))?
7, 241
Let j = 1829 - 1754. List the prime factors of j.
3, 5
Let u = -1569 + 3378. What are the prime factors of u?
3, 67
Let w(a) be the first derivative of a**2 + 4*a + 2. Let u be w(-7). Let z = -5 - u. What are the prime factors of z?
5
Let u(k) = 4*k - 10. Let s be u(4). Let o(g) = g**3 - 6*g**2 + 4*g + 17. List the prime factors of o(s).
41
Let s = 24 - -1633. What are the prime factors of s?
1657
Let r(u) = -10*u**3 + u**2 + 5*u - 3. Let v be r(-2). Suppose f - 27 = v. List the prime factors of f.
2, 7
Let g(a) = a**3 + 6*a**2 + 5*a + 20. Let n(f) = f**2. Let l(w) = g(w) + 5*n(w). What are the prime factors of l(-9)?
137
Suppose u - 168 = 4*v + 394, 2*u - v - 1131 = 0. List the prime factors of u.
2, 283
Suppose 78 - 350 = -4*t. Suppose -r + t - 13 = 0. What are the prime factors of r?
5, 11
Let u(n) = 33*n - 488. What are the prime factors of u(48)?
2, 137
Let w(c) = 9*c + 595. List the prime factors of w(0).
5, 7, 17
Suppose 4*r + 5*a - 3532 = -627, a + 3 = 0. List the prime factors of r.
2, 5, 73
Suppose 5 + 31 = 3*q. Let z be q/9*(-498)/(-4). Suppose z = 5*b - 3*r + 4*r, -2*b = 2*r - 68. List the prime factors of b.
3, 11
Let v(f) = f**3 - 3*f**2 - 3*f - 4. Let x be v(5). Suppose x*y - 228 = 27*y. List the prime factors of y.
3, 19
Suppose -2235 = -3*i + 900. What are the prime factors of i?
5, 11, 19
Let k = 6 + -11. Let b(a) = -5 - 11 + 3*a**2 + a**3 - 13*a + 12. List the prime factors of b(k).
11
Suppose 0 = 5*o - 4*w + 73 + 2, 4*o = 3*w - 60. Let k(z) = -4*z - 12. List the prime factors of k(o).
2, 3
Let t(o) be the first derivative of o**2 - 12*o + 7. Let y be t(5). List the prime factors of y*(-3)/(12/76).
2, 19
Let o(x) = -283*x - 118. List the prime factors of o(-4).
2, 3, 13
Let h = -4039 - -5949. List the prime factors of h.
2, 5, 191
Let y be 1/(-4) + 145/20. Let n = y + -14. Let z = n + 54. What are the prime factors of z?
47
Suppose 0 = -5*o + 24 + 31. Let w = o + -9. List the prime factors of w - 64/(-4) - 3.
3, 5
Let h(a) = -2*a - 45*a**2 - 8 - 82*a**2 + 7. Let t be h(-1). What are the prime factors of (2/(-1))/(9/t)?
2, 7
What are the prime factors of (610/(10 + -11))/(-2)?
5, 61
Let x = 465 - 189. Suppose 3*b = 63 + x. What are the prime factors of b?
113
Let c be -3 - (-3 + 25)*-1. Suppose -i + 7 = s, i + 4*s - c = -0*s. Suppose -i*z + 0*z = -45. What are the prime factors of z?
3, 5
Let j = -22 + 34. Let u = 7 - j. Let k(f) = -4*f + 6. What are the prime factors of k(u)?
2, 13
List the prime factors of ((-90)/(-135))/(2 - 73740/36873).
17, 241
Let r = 783 + -398. What are the prime factors of r?
5, 7, 11
Suppose -95*v + 155403 + 182892 = 0. What are the prime factors of v?
3, 1187
What are the prime factors of 1*((-10)/(-2) - 0) - -1563?
2, 7
Let h be ((-70)/6)/((-2)/6). Let x = h + 67. Suppose -2*a = 2*g - x, -3*g - 2*a + 149 = 3*a. What are the prime factors of g?
53
Suppose -14 = -k - 17, -5*q - 4*k + 8713 = 0. List the prime factors of q.
5, 349
Suppose -3*s - 29 - 16 = 0. Let c(r) = -r**3 - 15*r**2 + 3*r - 8. Let d be c(s). Let o = 97 + d. List the prime factors of o.
2, 11
List the prime factors of (-244)/(-8) - 3*2/(-12).
31
Suppose 1 = -6*x + 25. What are the prime factors of (27/(-4))/(262/(-64) + x)?
2, 3
What are the prime factors of ((-983229)/26)/17*4/(-6)?
1483
Let i(t) = -8 + t**2 + 8 - 3 + 3*t. Let a be i(-5). Suppose -a = -6*y + 11. What are the prime factors of y?
3
Suppose 0 = 3*j - 5*z - 408, -136 = -j - 3*z - z. List the prime factors of j.
2, 17
Suppose -s = -2*k + 6*k - 1, -k = -s + 6. Suppose 2*v = s*v - 471. List the prime factors of v.
157
Let q(v) = -2*v**3 + 2*v**2 + v. Let d be q(-1). Let x = 44 - -31. Suppose -5*u + 3*m - 5*m + 134 = 0, -3*u - d*m + x = 0. List the prime factors of u.
2, 7
Suppose 3 = -o + 16. Suppose d + o = 2*d. Let p = 29 - d. List the prime factors of p.
2
Let q = -17 - -12. List the prime factors of 9/(-15) + (-393)/q.
2, 3, 13
Let t be ((-88)/12)/(8/(-12)). Let j = t - 19. Let x(n) = 2*n**3 + 15*n**2 - 10*n + 11. What are the prime factors of x(j)?
3
Let c be 2/4*8/(-2). Suppose -k = -i - 30, -k + 0*k = 5*i - 24. What are the prime factors of (k + -1 + c)*1?
2, 13
Let v(w) = 3*w + 47. What are the prime factors of v(25)?
2, 61
Suppose 24*q + 2832 = 27*q. What are the prime factors of q?
2, 59
Let w be (-6)/(-27) - 40/18. Let r(b) = 2 + 2*b**2 + 0*b**2 - 3 - b**3. What are the prime factors of r(w)?
3, 5
Let y = 2891 - 1049. Suppose -100 = 13*a - y. What are the prime factors of a?
2, 67
Let o(b) = 15*b + 10. Let c be o(-10). Let k be 4/6 + c/(-15). Let z = -5 + k. What are the prime factors of z?
5
Suppose 3*o + 5*m - 273 = 0, 0 = -2*o - 2*o - 5*m + 364. List the prime factors of 26/o + 180/7.
2, 13
Suppose 7*k - 3*k - 244 = 0. Suppose 0 = -5*h + k + 14. Let d = 38 - h. What are the prime factors of d?
23
Let j(f) be the second derivative of -f**4/12 + 25*f**3/6 - 33*f**2/2 + 21*f. List the prime factors of j(14).
11
Let a(l) = -l + 21. Let t be a(22). What are the prime factors of (72 - 0) + (-1 + -1)*t?
2, 37
Suppose -c - 109 = -4*u, -3*c = u + 185 + 90. Let m = c + 152. Suppose -4*r - 4*k + 100 = 0, 4*r = r + 5*k + m. List the prime factors of r.
23
Suppose 10*y = 8*y + 8. Let a(r) = r - 7. Let j be a(5). List the prime factors of (-3)/j + 22/y.
7
Let p = 9 + -6. Suppose p*b - 150 = -0*b. Suppose 2*w = 4*u - 80, -3*u + 5*u + 4*w - b = 0. What are the prime factors of u?
3, 7
Let s = 4 + 1. Let c = s + 3. Suppose -l + c = -0. What are the prime factors of l?
2
Suppose 5*p = -2*u + 1290, 3*u - 2*p + 3*p - 1935 = 0. Suppose 5*z - u = 4*k, -3*z - 2*z = -2*k - 635. List the prime factors of z.
5
Let x(n) = 69*n**2 - 7*n + 20. What are the prime factors of x(-4)?
2, 3
What are the prime factors of 6 + 14/(-2) - -2039?
2, 1019
Let u(r) = 2*r**3 + 6*r**2 - 38*r + 56. What are the prime factors of u(10)?
2, 569
Let m = 110 - 85. Suppose m*w = 19*w + 780. What are the prime factors of w?
2, 5, 13
Suppose 68*g = 63*g - l + 9795, 0 = 3*l - 15. List the prime factors of g.
2, 11, 89
Let t(w) = -w - 3. Let o be t(3). Let i(x) = 10*x + 20. Let f(s) = 10*s + 16. Let l(c) = -5*f(c) + 4*i(c). List the prime factors of l(o).
2, 3, 5
Let d be -18*((-18)/(-3))/(-2). Let b = d + -9. Suppose b + 27 = 3*n. What are the prime factors of n?
2, 3
Let l(j) = -307*j + 301. List the prime factors of l(-11).
2, 3, 613
Let o = -235 - -742. List the prime factors of o.
3, 13
Let v(h) = -66*h**3 + 2*h**2 + 2*h + 1. Let d be v(-1). Let m(j) = 32*j**3 - 2*j**2 - j. Let u be m(-1). Let f = d + u. List the prime 